of 7906?
0
What is the units digit of 2109?
9
What is the tens digit of 18646?
4
What is the units digit of 2305?
5
What is the units digit of 1167?
7
What is the ten thousands digit of 21849?
2
What is the hundreds digit of 1175?
1
What is the ten thousands digit of 16029?
1
What is the tens digit of 3782?
8
What is the hundreds digit of 78112?
1
What is the thousands digit of 52256?
2
What is the units digit of 920?
0
What is the units digit of 547?
7
What is the units digit of 74?
4
What is the thousands digit of 8078?
8
What is the units digit of 157?
7
What is the units digit of 891?
1
What is the thousands digit of 24454?
4
What is the units digit of 2414?
4
What is the hundreds digit of 24417?
4
What is the units digit of 117?
7
What is the thousands digit of 40180?
0
What is the thousands digit of 1637?
1
What is the thousands digit of 7241?
7
What is the hundreds digit of 847?
8
What is the thousands digit of 2995?
2
What is the hundreds digit of 48385?
3
What is the units digit of 12521?
1
What is the units digit of 808?
8
What is the units digit of 156872?
2
What is the hundreds digit of 20893?
8
What is the units digit of 1703?
3
What is the units digit of 3722?
2
What is the hundreds digit of 16736?
7
What is the hundreds digit of 1634?
6
What is the hundreds digit of 52314?
3
What is the hundreds digit of 9352?
3
What is the thousands digit of 12640?
2
What is the units digit of 413?
3
What is the hundreds digit of 748?
7
What is the thousands digit of 1786?
1
What is the thousands digit of 5358?
5
What is the hundreds digit of 554?
5
What is the thousands digit of 3578?
3
What is the tens digit of 1530?
3
What is the units digit of 16204?
4
What is the thousands digit of 41303?
1
What is the ten thousands digit of 10409?
1
What is the tens digit of 23753?
5
What is the thousands digit of 22232?
2
What is the units digit of 21320?
0
What is the units digit of 846?
6
What is the units digit of 667?
7
What is the units digit of 1722?
2
What is the thousands digit of 26598?
6
What is the hundreds digit of 6876?
8
What is the tens digit of 108008?
0
What is the units digit of 383?
3
What is the tens digit of 2854?
5
What is the units digit of 12776?
6
What is the tens digit of 939?
3
What is the tens digit of 38477?
7
What is the units digit of 56983?
3
What is the thousands digit of 18988?
8
What is the units digit of 5206?
6
What is the tens digit of 6376?
7
What is the units digit of 177?
7
What is the tens digit of 8099?
9
What is the ten thousands digit of 136353?
3
What is the thousands digit of 2683?
2
What is the tens digit of 7272?
7
What is the hundreds digit of 59804?
8
What is the tens digit of 6336?
3
What is the tens digit of 786?
8
What is the hundreds digit of 65524?
5
What is the ten thousands digit of 41259?
4
What is the units digit of 16853?
3
What is the thousands digit of 6696?
6
What is the units digit of 12321?
1
What is the hundreds digit of 55083?
0
What is the units digit of 807?
7
What is the units digit of 135279?
9
What is the hundreds digit of 551?
5
What is the units digit of 11437?
7
What is the units digit of 674?
4
What is the units digit of 83449?
9
What is the ten thousands digit of 10318?
1
What is the hundreds digit of 17977?
9
What is the hundreds digit of 3313?
3
What is the tens digit of 45558?
5
What is the thousands digit of 122380?
2
What is the units digit of 457?
7
What is the hundreds digit of 1318?
3
What is the tens digit of 17885?
8
What is the tens digit of 1282?
8
What is the thousands digit of 20037?
0
What is the tens digit of 24875?
7
What is the tens digit of 9958?
5
What is the thousands digit of 4719?
4
What is the tens digit of 4106?
0
What is the thousands digit of 13076?
3
What is the tens digit of 1275?
7
What is the thousands digit of 4660?
4
What is the tens digit of 136?
3
What is the hundreds digit of 2408?
4
What is the tens digit of 35594?
9
What is the ten thousands digit of 18645?
1
What is the units digit of 5660?
0
What is the units digit of 1890?
0
What is the tens digit of 1839?
3
What is the tens digit of 2076?
7
What is the units digit of 153?
3
What is the thousands digit of 11508?
1
What is the tens digit of 5891?
9
What is the hundreds digit of 48482?
4
What is the thousands digit of 2259?
2
What is the tens digit of 765?
6
What is the tens digit of 10857?
5
What is the hundreds digit of 21770?
7
What is the units digit of 6875?
5
What is the ten thousands digit of 72929?
7
What is the tens digit of 1233?
3
What is the units digit of 11744?
4
What is the tens digit of 4063?
6
What is the hundred thousands digit of 137149?
1
What is the hundred thousands digit of 157358?
1
What is the thousands digit of 5821?
5
What is the hundreds digit of 1587?
5
What is the ten thousands digit of 26272?
2
What is the tens digit of 36963?
6
What is the units digit of 573?
3
What is the thousands digit of 1880?
1
What is the hundreds digit of 31485?
4
What is the units digit of 8392?
2
What is the hundreds digit of 565?
5
What is the tens digit of 63493?
9
What is the thousands digit of 2184?
2
What is the tens digit of 8519?
1
What is the tens digit of 4072?
7
What is the ten thousands digit of 59528?
5
What is the units digit of 41?
1
What is the hundreds digit of 470?
4
What is the units digit of 367?
7
What is the units digit of 122?
2
What is the hundreds digit of 33402?
4
What is the units digit of 60641?
1
What is the units digit of 1984?
4
What is the tens digit of 4766?
6
What is the hundreds digit of 1589?
5
What is the thousands digit of 15064?
5
What is the hundreds digit of 11972?
9
What is the hundreds digit of 10156?
1
What is the thousands digit of 15257?
5
What is the hundreds digit of 166128?
1
What is the thousands digit of 3400?
3
What is the hundreds digit of 2337?
3
What is the units digit of 11052?
2
What is the tens digit of 5199?
9
What is the thousands digit of 2418?
2
What is the hundreds digit of 952?
9
What is the thousands digit of 18858?
8
What is the units digit of 13433?
3
What is the hundreds digit of 1040?
0
What is the ten thousands digit of 14756?
1
What is the tens digit of 1692?
9
What is the tens digit of 510?
1
What is the units digit of 16823?
3
What is the hundreds digit of 909?
9
What is the units digit of 1722?
2
What is the units digit of 3110?
0
What is the hundreds digit of 5245?
2
What is the units digit of 3484?
4
What is the thousands digit of 1701?
1
What is the thousands digit of 7881?
7
What is the units digit of 6239?
9
What is the units digit of 76143?
3
What is the hundreds digit of 607?
6
What is the hundreds digit of 1038?
0
What is the ten thousands digit of 95855?
9
What is the tens digit of 1765?
6
What is the tens digit of 41699?
9
What is the tens digit of 2768?
6
What is the ten thousands digit of 15236?
1
What is the tens digit of 6156?
5
What is the units digit of 2250?
0
What is the tens digit of 119992?
9
What is the ten thousands digit of 17108?
1
What is the hundreds digit of 3893?
8
What is the tens digit of 682?
8
What is the thousands digit of 14564?
4
What is the tens digit of 539?
3
What is the hundreds digit of 4920?
9
What is the tens digit of 1451?
5
What is the units digit of 6312?
2
What is the tens digit of 3773?
7
What is the thousands digit of 5697?
5
What is the hundreds digit of 1750?
7
What is the tens digit of 488?
8
What is the units digit of 87158?
8
What is the tens digit of 12687?
8
What is the hundreds digit of 591?
5
What is the hundreds digit of 746?
7
What is the thousands digit of 2402?
2
What is the thousands digit of 3588?
3
What is the ten thousands digit of 30454?
3
What is the tens digit of 4953?
5
What is the units digit of 405?
5
What is the thousands digit of 121008?
1
What is the hundreds digit of 229?
2
What is the tens digit of 3671?
7
What is the tens digit of 3444?
4
What is the tens digit of 3031?
3
What is the tens digit of 10735?
3
What is the tens digit of 565?
6
What is the hundreds digit of 6907?
9
What is the ten thousands digit of 18323?
1
What is the units digit of 205926?
6
What is the hundreds digit of 10724?
7
What is the thousands digit of 1203?
1
What is the thousands digit of 34652?
4
What is the hundreds digit of 6129?
1
What is the thousands 